(-17 - 3 - 7)?
-31
What is -225 - -218 - (4 + 0) - (-7 + 1)?
-5
Evaluate 5 - (7 + -3 - (24 + -24)).
1
Evaluate (-6 - 21) + 12 - (1 + (-1 - 5)).
-10
36 + -85 + (7 - -14)
-28
Calculate 10 + (6 - 0 - 14) - (10 + -1).
-7
What is (2 + -7 + 3 - (26 + -25)) + 2?
-1
What is -15 - ((6 - -2) + (-47 - -32))?
-8
-8 + -1 - (-744 + 744)
-9
What is the value of -39 - ((22 - 14) + -42)?
-5
What is (11 - (10 - (5 - -2))) + -18 - -16?
6
-22 + (-11 - (-2 - 34))
3
Evaluate (-1 - -3) + 14 + -27 + 8.
-3
Calculate 25 + -20 - (7 + -2 - 9).
9
What is -7 + ((3 - -7) + -3 - 6)?
-6
What is -6 - (-15 + 8) - -7 - 4?
4
Evaluate -7 + 3 + (-2 - 4).
-10
What is the value of 9 - (-5 + (4 - -1) + -2 + -4)?
15
Evaluate 14 + -7 + -6 + -7 + -3.
-9
Evaluate 99 + -108 + (2 - (-11 + 2)).
2
What is the value of 19 + 0 + (8 - (-4 - (-5 - 15)))?
11
Evaluate 52 - 71 - (5 - 0 - (23 - 19)).
-20
Calculate (-622 - -629) + -6 + -1.
0
11 - 19 - (-4 + 2 - 18)
12
(24 - -19) + (19 - 35)
27
-3 + -1 - (0 - (10 - 21) - 9)
-6
Calculate -13 + -14 + 8 + 13.
-6
Calculate -6 - (2 + 4 + (-7 - 0)) - 4.
-9
Evaluate -17 + 31 + 16 + -13 + 9.
26
What is 5 - ((1 + 10 - (-54 + 59)) + 6)?
-7
(-20 - -9) + 32 + -11
10
-7 + -1 + -15 + 36
13
Evaluate 19 - (12 + (-18 - -4 - -9)) - 0.
12
(22 - -6 - 14) + -3
11
Calculate (15 + -17 - 10) + 21.
9
Calculate (-1 - -4 - -1) + (25 - 38 - -4).
-5
What is the value of (2 - (14 - 3)) + (-14 - -24) - 21?
-20
What is -19 - (-77 + 41 - -42)?
-25
Evaluate -10 - ((4 + -7 + 5 - -2) + 2).
-16
Calculate (7 - -2) + -31 + 18.
-4
Evaluate 6 + (-9 - (-9 + 1)) + (-2 - -13).
16
What is -3 - (-2 - (-6 + 17 + -6 + 0))?
4
Calculate 4 - 6 - (61 + -65).
2
Calculate (-4 - -15) + (10 - (14 + 9)).
-2
Evaluate -6 - (22 - 10) - -34.
16
What is 0 - ((-10 - -10) + 12 - 10)?
-2
What is the value of -1 - 3 - (407 - 396)?
-15
What is the value of 3 + (-1 - (25 + -13) - (1 - 1))?
-10
Evaluate 0 + -8 - (199 + -206).
-1
-3 + (-6 - -2 - (-11 - (-12 - -10)))
2
What is (2 - 2 - (-29 - -40)) + 1 + -5?
-15
What is 31 + 0 + (997 - 1014)?
14
What is (1 - (-12 - -3)) + (-5 - 1)?
4
Calculate -5 + 1 - (-14 + (0 - 18 - -11)).
17
Calculate (0 - 4) + 3 + 47 + -42.
4
0 + 4 + (-7 - 0) + 1
-2
28 - (26 - 14 - 6)
22
What is the value of -6 - (0 - 5) - (-6 - (6 + -15))?
-4
-14 + -1 + (-4 + 15 - 7)
-11
What is the value of (12 - 45) + -3 + 23?
-13
What is the value of -5 + (7 - 9) - (-16 + 2)?
7
What is the value of (-15 - (-1 - 7)) + 9 - (4 - 1)?
-1
Evaluate 10 + (10 - (-1 - -14)) - 45.
-38
Calculate -33 - -38 - (-1 - (-4 + 5) - -5).
2
Calculate 11 + 0 - (31 - (19 - -8)).
7
What is the value of -1 + -15 + 28 + -17 + 26?
21
What is the value of 5 - -4 - (-10 + 5 + (20 - 13))?
7
Evaluate 18 + (-2 - -23) + -113 + 106.
32
What is -14 + 10 + -6 - (-10 - -7)?
-7
Evaluate 38 + (0 + 5 - (311 + -299)).
31
What is the value of (-8 + 4 - -5) + 4 + -2?
3
Evaluate -44 + 36 + (-2 - (3 - 5)).
-8
Calculate -118 + 113 + (0 - -27).
22
What is -3 + (-24 - (-4 + -10))?
-13
-31 - (0 - 1 - (37 + -27))
-20
-18 + (26 - (-8 + 1))
15
4 + (-19 - ((3 - (-7 - -4)) + -7))
-14
What is the value of (9 + 9 - 3) + -33 + 35?
17
Evaluate -7 - (11 + 1 - 23).
4
What is (-20 + -15 - -14) + 42?
21
What is -2 + 11 - (22 + -37 - -22)?
2
Evaluate 1 - -2 - (9 + -17 + 13).
-2
Calculate -7 - (5 + 6 + -15 + -6 + 7).
-4
Evaluate (0 + (0 - 1) - (2695 - 2692)) + 4.
0
What is the value of 17 - 16 - (-9 - -32)?
-22
What is the value of (4 + -13 - (2 - (0 + 3))) + 19?
11
(0 - -1) + (-7 - -4 - 2) + 27
23
Calculate (8 - -17) + -5 - 21.
-1
Evaluate 69 + -28 + -14 + (8 - 2).
33
Evaluate (-5 + 1 + 17 - (-10 - -17)) + -13.
-7
What is the value of -4 - (0 + 5 - 3) - 21?
-27
Calculate -2 + 8 - (-29 + (43 - 18)).
10
(1 + -1 - -2) + (-30 - -25)
-3
15 - (12 + -16 + 10) - -7
16
Evaluate 1 - (7 + -15 + 15).
-6
-4 + 5 + -3 + 0 + 5 + -5
-2
Evaluate 14 + -50 + 21 - 1.
-16
Evaluate 1 - (1 + -2) - 3 - (1 + 1).
-3
What is the value of 2 + (-6 - -5) + 3 - -7?
11
What is the value of 11 - (-1 + -3 - (1 - 21))?
-5
Calculate (0 - -3) + (-26 - -17 - -5).
-1
What is (9 - (-5 + (11 - 5))) + (3 - -5)?
16
Calculate 3 - (8 - (7 + 3) - 0).
5
Calculate -6 + 5 + -1 + 1 - 5.
-6
Evaluate 3 + -4 + 11 + 4 + -3.
11
Evaluate (1 - 19) + (7 + (6 - 0) - 8).
-13
What is the value of (-9 - 1) + (-41 - -44)?
-7
(13 - 7) + -1 + (-9 - (4 - -2))
-10
-20 - (5 + (-20 - (-5 + -11 - -7)))
-14
Evaluate -3 + (-4 + -1 - (11 + -24)).
5
Evaluate -10 + -5 + 69 + -6 + -14.
34
Calculate 15 - -1 - (-114 + 120) - 5.
5
What is the value of -6 + (9 - 18) + 13?
-2
Evaluate -243 - -274 - (47 - -3).
-19
Calculate 6 - 0 - (2 + (-2 + -6 - -18)).
-6
Calculate 12 - (0 - (-2 + 4)) - (165 + -163).
12
Evaluate -9 - (-20 + (-1 - -21) + 1 + 25).
-35
Calculate 1 - 1 - (-18 - (-11 - 9)) - 17.
-19
Calculate 5 + (-8 - 9) - -49 - 13.
24
Evaluate 11 + (-2 - 1 - -6) - 1.
13
What is -2 - (-2 + (16 - 9))?
-7
What is -2 + -3 + -69 + 65 + -1 + 11?
1
Evaluate (5 - 6) + 0 + 7.
6
Evaluate (-9 - 29 - -31) + (-5 - -1 - -3).
-8
-1 + 42 - (-24 + 86)
-21
Calculate -31 + (-17 - -26) + -1 + 11.
-12
What is the value of (31 - (31 + -12)) + -20?
-8
Calculate 4 + -15 - -8 - -14.
11
4 - ((2 - 44) + 14 + 4)
28
4 + -6 + (-12 - (6 - (-9 + 14)))
-15
14 + (-13 + 11 - 23)
-11
What is -4 + (1 - -20 - 23)?
-6
(1 - -17 - 14) + (-1 - 5 - 0)
-2
Evaluate -11 - (-4 - (-8 + 11 + -2 + 1)).
-5
Evaluate 1 + -2 + -5 + 22 + -2 + -5.
9
What is the value of 12 + -2 - (-18 + -19 + 20)?
27
Evaluate 6 + -20 + 6 - (-35 + 25).
2
3 + (18 - 17) + (3 - 2 - 0)
5
Calculate (-4 - -9) + (-5 - (7 + 12)) + 7.
-12
Evaluate (6 - (12 + 5 + -9)) + (0 - 2).
-4
(-15 - 3) + -108 + 148
22
What is the value of (8 - -1) + (-29 - -21) - (-5 - -4)?
2
What is (-14 - (-11 - -2)) + 11 + 1 + -32?
-25
Calculate 6 - -7 - (-110 - -133).
-10
12 + 4 - (-65 - -68)
13
7 - (11 - 2 - (17 + 21 - 14))
22
-90 + 61 + (0 - -2)
-27
-8 + 3 + -7 - (-18 - (7 + 1))
14
(-2 - -2) + -19 + 24 + 8
13
Evaluate (-41 - -36) + 18 + -25.
-12
Evaluate (-12 - -2) + -569 + 552.
-27
Calculate 10 + (1 - 3) + 7 - 10.
5
What is the value of 9 - (6 - -3) - (4 + -1)?
-3
Evaluate -15 + 13 + -22 - -15 - (-1 + 5).
-13
What is (30 - (-26 + 46)) + (-3 + -23 - 0)?
-16
(18 - 19 - -2) + (2 - 5)
-2
11 + (-34 - -8 - -17)
2
Calculate 10 + -2 - (-1 + -9 + 7 - 11).
22
What is the value of -2 + (9 - (4 - 10))?
13
Calculate 7 - (17 + -4) - 24.
-30
Calculate 5 + 2 - (-1 - (29 + -16)).
21
(12 - (11 - -10)) + 18
9
Calculate 3 - 8 - (-13 - (-25 - 5)).
-22
Calculate 34 + (-11 - 9) - 19.
-5
Calculate (13 + -14 - 0) + -6 - 8.
-15
Calculate (22 - 41) + 28 - (14 - 1).
-4
What is the value of 9 + 7 - (128 - 141)?
29
Calculate (-6 - (-15 + -3 + (6 - 13))) + -9.
10
Calculate 21 + (0 - (3 - 2)) + 270 + -278.
12
Evaluate 2 + -22 + (14 + -25 - -3) + 18.
-10
Evaluate 22 - 27 - (3 + -3 + -5).
0
Evaluate -15 + 13 + 1 + -6 + 0.
-7
Calculate -9 + 26 + -21 - 0.
-4
What is -5 + 0 + 2 + -1190 + 1199?
6
(0 - (-6 + -6)) + (-4 - (2 - -1))
5
What is -16 - (-11 - (14 - 15))?
-6
What is 20 - (11 - (-4 + 13) - -3)?
15
What is -15 + (42 - 65) - -30?
-8
What is -8 + 20 + -21 + 17?
8
Calculate -8 + -2 + (-24 - -25).
-9
-7 - 0 - (-6 + 0 + 4)
-5
What is the value of ((16 - 13) + -19 - (-1 - 2)) + 1?
-12
What is the value of 20 - (27 + (-14 - -4))?
3
What is 13 + -6 + (-2 - 1) + -12 + -3?
-11
What is the value of (223 - 235 - (-2 + -26)) + -11?
5
-38 - -41 - (-1 - -2 - -12) - -1
-9
Evaluate -6 - (6 + 18 + -20).
-10
What is the value of -2 - (2 - 1 - -11)?
-14
Evaluate (6 - (6 + -4)) + (-4 - -7) + -3.
4
Calculate 0 + 7 - (2 + -6 - 5).
16
What is the value of 1 + -14 + (-8 - -35) - (-1 - -4)?
11
-3 - (-7 - -18 - 8)
-6
Evaluate -9 + -2 + 10 - (-1 - 3).
3
Evaluate -11 + (13 + -16 - 5).
-19
What is the value of (12 - (18 + -10) - (6 - -3)) + 22?
17
3 - 1 - 3 - (-22 + 13)
8
Calculate 6 - (10 + 4) - (-12 + (-5 - 20)).
29
What is the value of (-42 + -8 - -25) + 42?
17
(1 - -5) + -6 - (6 + 8)
-14
Evaluate 3 - (15 + -4 + -5) - (-2 - 0).
-1
What is 6 + -26 + 3 + 28 + -23?
-12
What is 2 + -15 + (-1 - 6 - (188 - 193))?
-15
What is the value of -13 + -24 + 11 + 33?
7
What is the value of -7 - (-3 + (9 - 12)) - 0?
-1
What is -35 - -40 - (-3 + 7)?
1
What is (1 - 0) + -5 + (4 - -8)?
8
-14 + (-1 + -9 - (-9 + -13))
-2
Evaluate -9 - (14 + 2 + -14).
-11
18 - (-18 - -42 - -7)
-13
What is (6 - (-5 - -20)) + 5?
-4
What is the value of 